- 64. Suppose -t + 26 = -3*y. What is the remainder when 34 is divided by y?
4
Suppose -1094*u = -1100*u + 420. What is the remainder when 482 is divided by u?
62
Suppose 0 = -44*n + 50*n - 102. Suppose w - 4*g = 45 + 21, -160 = -2*w + g. Calculate the remainder when w is divided by n.
14
Suppose 0*u + 38 = 2*f - 4*u, 5*f - 95 = -2*u. What is the remainder when f is divided by 5?
4
Suppose -5*b + 3 = -5*r - 22, 5*b - 55 = -5*r. Suppose p - 126 = -b*p. What is the remainder when 41 is divided by p?
13
Suppose 16 = -4*b + 4*v, -5*v - 10 = 4*b - 30. Suppose 2*r - 5*r + 279 = b. Calculate the remainder when r is divided by 24.
21
Let r be 2*(10 + -3 - 2). Suppose 2*w = 6, -r + 127 = 4*z + 3*w. Calculate the remainder when z is divided by (8/(-12) + -1 + 2)*21.
6
Let v(p) = p**2 + 2*p - 5. Let z be v(3). Let o = z + -7. Calculate the remainder when 8/12 + 56/6 is divided by o.
1
Let v(q) = 28*q - 31. Let c be v(4). Suppose -c = 131*b - 134*b. What is the remainder when b is divided by 5?
2
Suppose 0 = 16*n - 18*n + 114. Let r = n - 17. What is the remainder when r is divided by 14?
12
Let k(b) = -3 + 10*b - 1 - 2 + b. Let x(t) = t**3 + 7*t**2 + t + 20. What is the remainder when k(5) is divided by x(-7)?
10
Let d(g) = -2*g**3 + 5*g**2 + 9*g + 17. What is the remainder when d(-5) is divided by 25?
22
Calculate the remainder when 100 is divided by ((-1)/(4/(-64)) - -3) + 2.
16
Let d be 1 + 9 + 5 + -1 + 1. Suppose d = -2*p + 81. Calculate the remainder when p is divided by 2/(5/(170/4)).
16
Let u(k) = k. Let j be u(-11). Let v = j - -34. Let s = v + -9. What is the remainder when s is divided by 8?
6
Let p(a) = 3*a + 61. Let n be p(-19). Suppose 5*f = -3*y + 5*y - 31, -n*y = 3*f + 3. Calculate the remainder when 71 is divided by y.
2
Let j(z) = -45*z - 176. Let h = 17 + -11. What is the remainder when h is divided by j(-4)?
2
Suppose -1 + 4 = x. Let g be x + 15/(6/(-2)). What is the remainder when 12 + 5 + g*1 is divided by 6?
3
Let g(n) = -1 + 9 - 2*n - n + 6*n**2. Calculate the remainder when g(3) is divided by 9.
8
Let i = 959 + -917. Calculate the remainder when 204 is divided by i.
36
Suppose -2*w + 4*c + 84 = 0, 4*w - 4*c = -0*w + 176. What is the remainder when w is divided by (32/(-20))/((-4)/30)?
10
Suppose 4*k + 1520 = 5*n, -4*n - k - 1505 = -9*n. What is the remainder when n is divided by 51?
45
Let f(k) = k**2 + 2*k - 3. Suppose -a = -s + 11 - 9, 20 = 10*s - 3*a. What is the remainder when f(3) is divided by s?
0
Let z(n) = 3*n**2 + 21*n - 95. Calculate the remainder when z(4) is divided by 29.
8
Suppose -4*g + 7 = -181. What is the remainder when 85 is divided by g?
38
Let f(j) = -237*j - 1974. Let w(a) = -a**3 - 7*a**2 + 2*a - 6. Let c be w(-7). What is the remainder when f(-9) is divided by c/6*-9 + 2?
31
Suppose -6*g + 301 - 193 = 0. What is the remainder when 215 is divided by g?
17
Suppose -109 = -h - 129. Let a(l) = l**2 + 18*l - 19. Let n = 18 - 10. Calculate the remainder when a(h) is divided by n.
5
Let u(r) = r**2 + 10*r + 11. Let d be u(-9). Suppose d*k - 42 = -12. Calculate the remainder when 42 is divided by k.
12
Suppose y + 6 = 2*y - 5*j, -30 = -5*y - 5*j. Suppose -k - y = 5*w, -5*k + 18 = -4*k - 3*w. Calculate the remainder when 24 is divided by k.
6
Suppose 4*s - 35 = -u, -5*u + 103 = -0*s + 2*s. Suppose -4*o + 94 = 3*y, 2*o + u = 2*y - 39. Calculate the remainder when 22 is divided by (y/35)/(1/7).
4
Let x = 1646 - 593. Calculate the remainder when x is divided by 88.
85
Let z = 793 + -774. Calculate the remainder when 3/(6/4) + 33 is divided by z.
16
Let k = 21 - 12. Suppose k = 3*h - 12. What is the remainder when h is divided by (60/50)/((-3)/(-10))?
3
Let u(o) = 5 + 7*o + 14 - 2 - 4. What is the remainder when u(4) is divided by 22?
19
Suppose 2 = j - 0. Suppose 4*c + 4*d = 32, -j*d - 3*d = -3*c - 8. Calculate the remainder when (-9)/18 - (-62)/c is divided by 4.
3
Suppose m + 4*j = 5*j + 24, m - 4*j - 12 = 0. Calculate the remainder when 163 is divided by m.
23
Let a be -78*-2*1/4. Suppose -a = 3*o - 108. Suppose o + 45 = 5*f - v, 3*f = 4*v + 51. What is the remainder when f is divided by 8?
5
Let x = 14 - -37. Suppose 4*i + s = -2*s + 65, 3*i - x = -3*s. Calculate the remainder when i is divided by 3.
2
Let s(d) = d**2 + 17*d + 81. What is the remainder when 49 is divided by s(-6)?
4
Let i(j) = j**2 - 22*j - 52. Let q be i(24). What is the remainder when 0 + 59/1 + q is divided by 28?
27
Suppose -2*n - 5*h = -6*h + 7, 2*n + 4*h = 18. What is the remainder when 8 is divided by (1/n)/(20/(-80))?
0
Suppose 3*p + 12 + 21 = 0. Let x = p - -23. Calculate the remainder when 47 is divided by x.
11
Let z be 68/10*(-15)/(-6). Let h = z - 7. Calculate the remainder when (-199)/(-7) + 76/133 is divided by h.
9
Suppose -h - 25 = 5*u - 2*h, 5*h - 29 = u. Calculate the remainder when 186 is divided by 1*-47*(-4 - (u + 1)).
45
Let w(f) = -285*f. Let p be w(-1). Suppose -2*u + 2*v = v - 186, 0 = 3*u - 3*v - p. Let s = 42 + -19. Calculate the remainder when u is divided by s.
22
Suppose -2*f + 3*d + 2*d + 31 = 0, 0 = 4*f - 2*d - 38. Suppose -7 = -3*j - 1. Suppose -j*z - 3*z = -115. Calculate the remainder when z is divided by f.
7
Let u be (1 - 266)/(-1 + 0). Suppose -y + u = 4*y. Suppose y = 2*b - 51. Calculate the remainder when b is divided by 18.
16
Suppose -2*b = b - 81. Let r be 16/5 - 1/5. Suppose b = 3*j + 2*z - 62, -5*j - r*z = -148. Calculate the remainder when 113 is divided by j.
26
Let y(c) = -4*c + 66. Calculate the remainder when y(10) is divided by 9.
8
Suppose 8 = n + 3*n + g, 5*g = -5*n + 10. Suppose -n*j - 5 + 1 = 0, -3*v = -2*j - 472. What is the remainder when v is divided by 20?
16
Let i = -2752 + 3999. Calculate the remainder when i is divided by 13.
12
Suppose 0 = 2*r - 4*o - 164, -3*r + 257 = -329*o + 334*o. Calculate the remainder when 258 is divided by r.
6
Suppose 0 = -4*q + 9 - 1, 0 = 5*a + 3*q - 126. Calculate the remainder when a is divided by 9.
6
Let p = 39 + -13. What is the remainder when ((-21)/7)/((-8)/200) is divided by p?
23
Suppose 3*n - 24*r + 20*r = 66, -4*n + 84 = -4*r. Suppose 0 = 3*b - 2*b. Suppose 4*l = -b*l + 28. Calculate the remainder when n is divided by l.
4
Let j(x) = 9*x**3 + x**2 + x + 4. Suppose 4*w - 20 + 6 = -3*b, -4*w = -3*b - 2. What is the remainder when j(b) is divided by (56/10)/(1/5)?
26
Suppose -i = -5*i + 5*j + 18, i = 5*j + 12. Suppose 2*l + i*z = -1 + 29, -4*l = 3*z - 57. Let p = -4 + l. What is the remainder when 21 is divided by p?
10
Suppose 2*w - 56 = -0*w. What is the remainder when 136 is divided by w?
24
Let o = 22 + -19. Suppose 0 = -3*r + 15, 2*r + 7 = w + o*r. Suppose s - 3*g - 11 = 16, -w*g = 2*s - 78. What is the remainder when 69 is divided by s?
33
Let k = -7 - -6. Let y be (2 - 0) + (18 - k). Let v = y + -18. Calculate the remainder when v is divided by 3.
0
Suppose 2*u - 91 = -3*c - 2*u, c - 3*u = 39. Calculate the remainder when c is divided by (-4)/(-12)*-21*1*-1.
5
Let a = 237 - 162. What is the remainder when a is divided by 19?
18
Let a = -1 - -1. Suppose a = -4*c + 5*c - 69. Calculate the remainder when c is divided by 4 + (21 - (-2)/(-2)).
21
Suppose -h + 53 = -4*i, -886*i = 5*h - 883*i - 173. Suppose -45 = -4*x - 1. Calculate the remainder when h is divided by x.
4
Let b = 830 - 734. Let y = -2 + -10. What is the remainder when ((-23)/4)/(y/b) is divided by 16?
14
Suppose -4*o + 28 - 4 = 0. Let v(q) = -q**3 + 5*q**2 + 9*q + 7. What is the remainder when v(o) is divided by 7?
4
Let k = -25 + 37. Suppose 0*u + g - 111 = -3*u, -2*u + 3*g = -41. What is the remainder when u is divided by k?
10
Let v be 10/4*(-24)/(-15). Let l be (10/15)/(2/129). Suppose -5*w + l = -4*z, 13 + 21 = 2*w + v*z. What is the remainder when 43 is divided by w?
10
Let w be (0 + 14)*(-6)/(-12). Suppose 5*y + w = -3*b + y, -4*b + 4*y + 28 = 0. Suppose h = -b*h + 40. Calculate the remainder when h is divided by 4.
2
Let u(l) = -5*l - 48. Let g = 72 + -51. What is the remainder when u(-21) is divided by g?
15
Let f = 22 + -32. Let u be -4*(-4 - f/4). Let g(a) = 2*a**2 + 4*a - 2. Calculate the remainder when g(u) is divided by 19.
18
Suppose 7*p + 5*p - 2328 = 0. What is the remainder when p is divided by 49?
47
Suppose 53 = t + 4*t - a, 4*t - 5*a = 55. Suppose 5*z = 5*k 